 - 5*a, 2*a + x = y. Is y a prime number?
True
Let j(r) = -r**2 + r + 1095. Suppose 10*z - 12*z = 0. Let s be j(z). Let d = 1948 - s. Is d a prime number?
True
Suppose -4*s - 45 = -9*s. Suppose 0 = 6*l + s*l. Suppose l = -9*o + 46527 + 21954. Is o composite?
True
Let i(f) = 9*f + 62. Let z be i(-7). Let w be (-17 - z)/(320/(-53) - -6). Let l = w - -618. Is l a composite number?
True
Suppose -18*a + 234 = -9*a. Suppose -4*i = -4*p + 2*p + a, -17 = -2*p + i. Suppose -15*z + 5784 = -p*z. Is z a prime number?
False
Is ((-374)/(-748))/(1/1812614) composite?
True
Suppose 1195823 = -24*h + 118*h + 60397. Is h a prime number?
False
Let v(z) = z**2 + 6*z - 84. Let f be v(-13). Is 67582/f + 99/231 composite?
True
Let j = -280 - -283. Suppose -4*s = 2*o - 1009 - 567, j*o = -s + 389. Is s a prime number?
False
Suppose 4*w + 100 + 160 = 0. Let v be (-10)/w + 2/(-13). Suppose v = 4*z - 120 + 16. Is z a prime number?
False
Suppose -30 = -5*l - 4*s, l - 4*l + 18 = -5*s. Suppose 1964 = -3*w - v - 3629, l = 3*v. Let c = w + 2902. Is c a composite number?
True
Let k(v) be the second derivative of 5*v**4/2 - 10*v**3/3 + 3*v**2/2 - 5*v. Let m be k(9). Suppose 6*p - 9*p = -m. Is p composite?
False
Let b = -217 + 217. Suppose b*i = -3*i - s + 1890, 0 = 4*i - s - 2527. Is i a composite number?
False
Suppose 22*q - 19*q - 591 = 0. Suppose -a - q - 292 = 0. Let j = a - -1003. Is j composite?
True
Let h(a) be the third derivative of a**6/40 + a**5/6 + a**4/8 - a**3/6 - 11*a**2. Let u be h(7). Let b = u - 425. Is b prime?
False
Let g(w) = -2*w**3 + 15*w**2 - 15*w + 18717. Let l(c) = c**3 - 7*c**2 + 7*c - 9359. Let q(h) = -6*g(h) - 13*l(h). Is q(0) a prime number?
False
Let d = 9734 + 11343. Is d a prime number?
False
Suppose -b - 8322 = 18*b. Let c = b - -3091. Is c a prime number?
False
Suppose 614819 = 58*z + 3*z. Is z prime?
True
Suppose 1967*a = 1974*a - 927283. Is a a prime number?
True
Suppose o - 4*h + 18 = 0, -6*h = -5*o - h - 30. Is (-62974)/(-30) - o/(-15) a composite number?
False
Let h = 2822 + 39769. Is h a composite number?
True
Let a(f) = 258*f**2 + 16*f + 11. Is a(-43) composite?
True
Let c = -9 - 33. Let f = 9 - -3520. Let s = f + c. Is s a composite number?
True
Suppose -30 = -5*t - 4*o, -t = -o - 2 + 5. Suppose 0 = t*d - z - 11, -3*z + 3 = 5*d - 8. Suppose -3*i + 1502 = -s, 9*i + d*s = 4*i + 2526. Is i a prime number?
False
Let s(n) = n**2 + 24*n + 24. Let f be 2/1*(-23)/2. Let q be s(f). Is (249/(-2) - q)/((-5)/10) prime?
True
Suppose -4*r + 5*o + 908303 = 0, 3*o + 1108313 + 27069 = 5*r. Is r a composite number?
True
Suppose 4*v - 1659256 = -2*z, 2*z + 1845623 = 4*v + 186359. Is v a prime number?
False
Let o be (-20)/12 + (-64)/(-24). Let d(n) be the third derivative of 31*n**5/60 + n**2. Is d(o) a prime number?
True
Let i(p) = -p + 4. Let q(z) = -z + 7. Let k(h) = -11*i(h) + 6*q(h). Let a be k(2). Suppose a*b - 2531 = 10661. Is b composite?
True
Suppose -2196363 = -5*c - j, 5*c - 4*j - 1373653 = 822720. Is c prime?
True
Let k(l) = 46*l + 29. Let t be k(-17). Let f = -443 - t. Let a = f - -199. Is a a composite number?
False
Let j(u) be the first derivative of 86*u**3 - 3*u**2/2 - 10*u + 35. Is j(-3) prime?
False
Suppose -93*g + 1254289 = -15399314. Is g a composite number?
True
Suppose 1921*j = 1945*j - 1529688. Is j composite?
False
Let j = 9161 + -4914. Suppose j = 7*f - 3950. Is f a prime number?
True
Is ((-135)/1215)/(2/(-1063242)) a prime number?
True
Let u = -2992 + 2163. Let m(b) = 7*b**3 + 3*b**2 - 2*b. Let y be m(-3). Let f = y - u. Is f a prime number?
True
Suppose c - 2*l - 5254 = 4369, 2*c + l - 19236 = 0. Is c a composite number?
False
Let x(w) = -15*w + 46. Let p be x(3). Is (-1266)/(-18)*(12/3 - p) a prime number?
True
Suppose -2*v = 4*d - 103042, -51541 = 65*d - 67*d + 3*v. Is d prime?
True
Let i be (-2 - (0 + 1))/(-3) + 2. Suppose -4*a + 2*a - 3*h = -583, 4*h - 875 = -i*a. Is a composite?
False
Let g = 154 - 210. Let y = g - -997. Is y a composite number?
False
Let r = 206421 + 37250. Is r composite?
False
Suppose -l - 3*l + 8814 = 5*d, 2*l - 5*d - 4422 = 0. Let y(m) = -2*m**2 + 13*m - 1. Let p be y(6). Suppose -5*a + l = -o - 2*o, 2*o + 2209 = p*a. Is a prime?
True
Suppose v - 2556679 = -5*k + 6229755, 5*k - v - 8786416 = 0. Is k a prime number?
False
Is ((-3422287)/(-22))/17*2 prime?
True
Suppose -31382 = 63*n - 68*n + 28883. Is n prime?
False
Let r be (0 - 401) + 0*(-3)/12. Let i = 1353 + r. Suppose 958 = 5*g - l, -4*g - l = g - i. Is g a composite number?
False
Suppose 0 = -7*k - 95*k + 6815205 - 1265691. Is k prime?
False
Let o(l) = l - 13. Let c be o(16). Suppose -w + 7 = p, -c*p + 5 = -2*w + w. Suppose -p*k + k = 3*b - 455, 0 = 5*k - 2*b - 1109. Is k prime?
True
Is ((-608074)/(-6))/1 - (-23)/(2001/116) prime?
True
Let v(m) be the third derivative of 97*m**6/30 - m**4/12 - m**3/2 + 422*m**2 + 3. Suppose 2*j + j - 3*h + 6 = 0, -4*j + 4 = -h. Is v(j) a composite number?
True
Is ((-574261)/3 - 0)/(68/5712*-28) a prime number?
True
Suppose 0 = -3*g - 20*w + 19*w + 572091, 5*w = g - 190729. Is g prime?
True
Let j(k) = k**3 - 9*k + 4. Let t be 14/(-12) - 2 - (-8)/48. Let p be j(t). Suppose 1050 - 46 = p*n. Is n composite?
False
Suppose 2*s = -7*x + 9*x + 64, 5*x + 160 = -s. Suppose 4*w + 124224 = -0*w. Is 2/3*w/x composite?
False
Is (-21)/(-14)*6 + 4 + -11 + 203229 prime?
False
Let n be (8/(-20) + 0)*10 - -791. Suppose -3*o = -4202 + 776. Let g = o - n. Is g a prime number?
False
Suppose -v + 3*b + 82 = -2*b, -4*v + 3*b + 243 = 0. Suppose -6*p - v*p + 1629117 = 0. Is p prime?
False
Let a = -2933 + 21964. Is a a composite number?
False
Let k be 115890/(-90) - (0 - 1/(-3)). Let i = -305 - k. Suppose 2*z - 5304 = -2*g, g = 5*z + i + 1639. Is g a composite number?
False
Suppose -62797 + 160530 = 29*s - 145026. Is s a composite number?
True
Suppose -157*m + 42151506 = -28149797. Is m prime?
True
Let v = 212 - 218. Is 14*(24234/12 + v) a composite number?
True
Let y(q) = 245*q**3 + 10*q**2 + 7*q - 4. Let r be y(5). Let p be r/21 + 3*(-8)/(-84). Let s = p - 994. Is s prime?
False
Let n = -55 - -62. Let u(t) = 59*t**2 - 9*t + 21. Let c be u(n). Suppose 5*l - 5336 = c. Is l prime?
True
Let l(c) = 17331*c**2 - 31*c + 85. Is l(3) composite?
True
Suppose 0 = -6*n + 86721 + 262593. Is n a composite number?
True
Let o be ((-18)/(-24))/(3/20). Let r be (140/(-6))/(o/1005). Let s = -2741 - r. Is s composite?
False
Let p(g) = -11*g - 11 + 12*g + 12*g**2 - 2*g**3 + 16*g. Let r be p(-8). Suppose -r = -s - 222. Is s composite?
False
Suppose -5*p - 4*k = -15060, 3*k - 9036 = -3*p - 2*k. Let z = p + -1267. Is z a prime number?
False
Let l be 6/(-623*1/(-124) + -5). Let b = 917 - l. Is b a composite number?
True
Let w(v) = 3*v**2 + 12*v - 15. Let n be w(-5). Is n - (-3297 + (-8)/20*-5) a prime number?
False
Let f = -84735 - -336544. Is f composite?
False
Suppose -49*w + 57*w = 80. Suppose 0 = 9*k - w*k + 7609. Is k composite?
True
Let u(h) = -h**3 + 9*h**2 + 10*h + 15. Let k be u(10). Suppose -3*l - 3*j = -42, -l - 3 + k = -j. Is (2/4)/(l/41366) a prime number?
False
Let l(f) = 129*f**2 + 17 + 0 - 10*f**2 - 11*f + 121*f**2. Is l(2) a prime number?
False
Suppose -4*t = 4*g - 1528716, -3*g = 10*t - 9*t - 1146553. Is g composite?
True
Let d = -19726 - -35487. Is d a prime number?
True
Is ((-445265210)/(-2392) - 5/(-4)) + 2/23 a prime number?
True
Let b be ((90/4)/(-5))/((-159)/424). Is (b + -15)/((-6)/7654) prime?
False
Suppose -f + 2*h = -3*f, 5*h + 8 = -3*f. Suppose -j + f = 0, 2*j + 43 = q + 6*j. Let t = q + -6. Is t composite?
True
Suppose 0 = -50*u + 264*u - 10495358 - 2225016. Is u a composite number?
False
Let h = 173 - 171. Suppose 2*b - h*q = 3936, 3*b - 5894 = -0*b + 5*q. Is b composite?
False
Suppose -3479 = 48*p + 38089. Let s = -688 - p. Is s a composite number?
True
Suppose 68*k + 898320 + 1167245 = 7474217. Is k composite?
True
Suppose -c + 3780 = -4*q + 3*c, 4724 = -5*q + 4*c. Let h = 1382 + q. Suppose -2*u + 1046 = 2*k, 0 = -2*u + 5*k + h + 594. Is u a prime number?
True
Let h be (1 + -5)/((-16)/20*1). Suppose 16*g - 12*g = -5*q + 18461, h*g - 23070 = -5*q. Is g composite?
True
Let m = 24688 + -35467. Let h = 15406 + m. Let a = h + 600. Is a prime?
True
Let g(y) be the third derivative of 11*y**6/360 + 7*y**5/120 + y**4/24 + 11*y**2. Let